{"id":50,"date":"2026-04-12T17:14:54","date_gmt":"2026-04-12T17:14:54","guid":{"rendered":"https:\/\/kowalczykmedia.pl\/?page_id=50"},"modified":"2026-04-14T15:59:11","modified_gmt":"2026-04-14T15:59:11","slug":"kowalczykmedia-uslugi","status":"publish","type":"page","link":"https:\/\/kowalczykmedia.pl\/?page_id=50","title":{"rendered":"KowalczykMedia Us\u0142ugi"},"content":{"rendered":"\t\t<div data-elementor-type=\"wp-page\" data-elementor-id=\"50\" class=\"elementor elementor-50\" data-elementor-post-type=\"page\">\n\t\t\t\t\t\t<section class=\"elementor-section elementor-top-section elementor-element elementor-element-a70d23e elementor-reverse-tablet elementor-reverse-mobile elementor-section-boxed elementor-section-height-default elementor-section-height-default\" data-id=\"a70d23e\" data-element_type=\"section\" data-e-type=\"section\" data-settings=\"{&quot;background_background&quot;:&quot;gradient&quot;}\">\n\t\t\t\t\t\t\t<div class=\"elementor-background-overlay\"><\/div>\n\t\t\t\t\t\t\t<div class=\"elementor-container elementor-column-gap-no\">\n\t\t\t\t\t<div class=\"elementor-column elementor-col-100 elementor-top-column elementor-element elementor-element-6bb4d07\" data-id=\"6bb4d07\" data-element_type=\"column\" data-e-type=\"column\">\n\t\t\t<div class=\"elementor-widget-wrap elementor-element-populated\">\n\t\t\t\t\t\t<div class=\"elementor-element elementor-element-518e693 elementor-widget elementor-widget-heading\" data-id=\"518e693\" data-element_type=\"widget\" data-e-type=\"widget\" data-widget_type=\"heading.default\">\n\t\t\t\t\t<h1 class=\"elementor-heading-title elementor-size-default\">Us\u0142ugi<\/h1>\t\t\t\t<\/div>\n\t\t\t\t\t<\/div>\n\t\t<\/div>\n\t\t\t\t\t<\/div>\n\t\t<\/section>\n\t\t\t\t<section class=\"elementor-section elementor-top-section elementor-element elementor-element-ec0c83b elementor-section-content-middle elementor-section-boxed elementor-section-height-default elementor-section-height-default\" data-id=\"ec0c83b\" data-element_type=\"section\" data-e-type=\"section\">\n\t\t\t\t\t\t<div class=\"elementor-container elementor-column-gap-no\">\n\t\t\t\t\t<div class=\"elementor-column elementor-col-50 elementor-top-column elementor-element elementor-element-6cc95a5\" data-id=\"6cc95a5\" data-element_type=\"column\" data-e-type=\"column\">\n\t\t\t<div class=\"elementor-widget-wrap elementor-element-populated\">\n\t\t\t\t\t\t<div class=\"elementor-element elementor-element-e2ffc96 animated-slow elementor-invisible elementor-widget elementor-widget-image\" data-id=\"e2ffc96\" data-element_type=\"widget\" data-e-type=\"widget\" data-settings=\"{&quot;_animation&quot;:&quot;fadeInUp&quot;}\" data-widget_type=\"image.default\">\n\t\t\t\t\t\t\t\t\t\t\t\t\t\t\t<img fetchpriority=\"high\" decoding=\"async\" width=\"634\" height=\"641\" src=\"https:\/\/kowalczykmedia.pl\/wp-content\/uploads\/2026\/04\/strony-internetowe.png\" class=\"attachment-full size-full wp-image-153\" alt=\"\" srcset=\"https:\/\/kowalczykmedia.pl\/wp-content\/uploads\/2026\/04\/strony-internetowe.png 634w, https:\/\/kowalczykmedia.pl\/wp-content\/uploads\/2026\/04\/strony-internetowe-297x300.png 297w, https:\/\/kowalczykmedia.pl\/wp-content\/uploads\/2026\/04\/strony-internetowe-100x100.png 100w\" sizes=\"(max-width: 634px) 100vw, 634px\" \/>\t\t\t\t\t\t\t\t\t\t\t\t\t\t\t<\/div>\n\t\t\t\t\t<\/div>\n\t\t<\/div>\n\t\t\t\t<div class=\"elementor-column elementor-col-50 elementor-top-column elementor-element elementor-element-411cb0b\" data-id=\"411cb0b\" data-element_type=\"column\" data-e-type=\"column\">\n\t\t\t<div class=\"elementor-widget-wrap elementor-element-populated\">\n\t\t\t\t\t\t<div class=\"elementor-element elementor-element-eda813e elementor-widget elementor-widget-heading\" data-id=\"eda813e\" data-element_type=\"widget\" data-e-type=\"widget\" data-widget_type=\"heading.default\">\n\t\t\t\t\t<h2 class=\"elementor-heading-title elementor-size-default\">Strona internetowa<\/h2>\t\t\t\t<\/div>\n\t\t\t\t<div class=\"elementor-element elementor-element-a2d1ec2 elementor-widget elementor-widget-heading\" data-id=\"a2d1ec2\" data-element_type=\"widget\" data-e-type=\"widget\" data-widget_type=\"heading.default\">\n\t\t\t\t\t<p class=\"elementor-heading-title elementor-size-default\">Twoja strona internetowa to fundamentalne narz\u0119dzie biznesowe, kt\u00f3re nie tylko prezentuje Twoj\u0105 mark\u0119, ale aktywnie pracuje na jej sukces, buduj\u0105c zaufanie klient\u00f3w od pierwszego kontaktu.<\/p>\t\t\t\t<\/div>\n\t\t\t\t<div class=\"elementor-element elementor-element-af32bbc elementor-widget elementor-widget-button\" data-id=\"af32bbc\" data-element_type=\"widget\" data-e-type=\"widget\" data-widget_type=\"button.default\">\n\t\t\t\t\t\t\t\t\t\t<a class=\"elementor-button elementor-button-link elementor-size-md elementor-animation-shrink\" href=\"tel:690657989\">\n\t\t\t\t\t\t<span class=\"elementor-button-content-wrapper\">\n\t\t\t\t\t\t\t\t\t<span class=\"elementor-button-text\">Dowiedz si\u0119 wi\u0119cej!<\/span>\n\t\t\t\t\t<\/span>\n\t\t\t\t\t<\/a>\n\t\t\t\t\t\t\t\t<\/div>\n\t\t\t\t\t<\/div>\n\t\t<\/div>\n\t\t\t\t\t<\/div>\n\t\t<\/section>\n\t\t\t\t<section class=\"elementor-section elementor-top-section elementor-element elementor-element-453eee8 elementor-reverse-mobile elementor-section-content-middle elementor-section-boxed elementor-section-height-default elementor-section-height-default\" data-id=\"453eee8\" data-element_type=\"section\" data-e-type=\"section\">\n\t\t\t\t\t\t<div class=\"elementor-container elementor-column-gap-no\">\n\t\t\t\t\t<div class=\"elementor-column elementor-col-50 elementor-top-column elementor-element elementor-element-f77fd8b\" data-id=\"f77fd8b\" data-element_type=\"column\" data-e-type=\"column\">\n\t\t\t<div class=\"elementor-widget-wrap elementor-element-populated\">\n\t\t\t\t\t\t<div class=\"elementor-element elementor-element-00b9342 elementor-widget elementor-widget-heading\" data-id=\"00b9342\" data-element_type=\"widget\" data-e-type=\"widget\" data-widget_type=\"heading.default\">\n\t\t\t\t\t<h2 class=\"elementor-heading-title elementor-size-default\">Reklama Meta Ads<\/h2>\t\t\t\t<\/div>\n\t\t\t\t<div class=\"elementor-element elementor-element-b9aba0b elementor-widget elementor-widget-heading\" data-id=\"b9aba0b\" data-element_type=\"widget\" data-e-type=\"widget\" data-widget_type=\"heading.default\">\n\t\t\t\t\t<p class=\"elementor-heading-title elementor-size-default\">Reklamy, kt\u00f3re trafiaj\u0105 do w\u0142a\u015bciwych ludzi we w\u0142a\u015bciwym czasie. Zajmuj\u0119 si\u0119 wszystkim \u2014 od strategii po codzienne zarz\u0105dzanie kampani\u0105 \u2014 \u017ceby\u015b Ty m\u00f3g\u0142 skupi\u0107 si\u0119 na prowadzeniu biznesu.<\/p>\t\t\t\t<\/div>\n\t\t\t\t<div class=\"elementor-element elementor-element-796032b elementor-widget elementor-widget-button\" data-id=\"796032b\" data-element_type=\"widget\" data-e-type=\"widget\" data-widget_type=\"button.default\">\n\t\t\t\t\t\t\t\t\t\t<a class=\"elementor-button elementor-button-link elementor-size-md elementor-animation-shrink\" href=\"tel:690657989\">\n\t\t\t\t\t\t<span class=\"elementor-button-content-wrapper\">\n\t\t\t\t\t\t\t\t\t<span class=\"elementor-button-text\">Dowiedz si\u0119 wi\u0119cej!<\/span>\n\t\t\t\t\t<\/span>\n\t\t\t\t\t<\/a>\n\t\t\t\t\t\t\t\t<\/div>\n\t\t\t\t\t<\/div>\n\t\t<\/div>\n\t\t\t\t<div class=\"elementor-column elementor-col-50 elementor-top-column elementor-element elementor-element-d1c212a\" data-id=\"d1c212a\" data-element_type=\"column\" data-e-type=\"column\">\n\t\t\t<div class=\"elementor-widget-wrap elementor-element-populated\">\n\t\t\t\t\t\t<div class=\"elementor-element elementor-element-e7f55d4 animated-slow elementor-invisible elementor-widget elementor-widget-image\" data-id=\"e7f55d4\" data-element_type=\"widget\" data-e-type=\"widget\" data-settings=\"{&quot;_animation&quot;:&quot;fadeInUp&quot;}\" data-widget_type=\"image.default\">\n\t\t\t\t\t\t\t\t\t\t\t\t\t\t\t<img decoding=\"async\" width=\"1200\" height=\"1200\" src=\"https:\/\/kowalczykmedia.pl\/wp-content\/uploads\/2026\/04\/Projekt-bez-nazwy-2.png\" class=\"attachment-full size-full wp-image-155\" alt=\"\" srcset=\"https:\/\/kowalczykmedia.pl\/wp-content\/uploads\/2026\/04\/Projekt-bez-nazwy-2.png 1200w, https:\/\/kowalczykmedia.pl\/wp-content\/uploads\/2026\/04\/Projekt-bez-nazwy-2-300x300.png 300w, https:\/\/kowalczykmedia.pl\/wp-content\/uploads\/2026\/04\/Projekt-bez-nazwy-2-1024x1024.png 1024w, https:\/\/kowalczykmedia.pl\/wp-content\/uploads\/2026\/04\/Projekt-bez-nazwy-2-150x150.png 150w, https:\/\/kowalczykmedia.pl\/wp-content\/uploads\/2026\/04\/Projekt-bez-nazwy-2-768x768.png 768w, https:\/\/kowalczykmedia.pl\/wp-content\/uploads\/2026\/04\/Projekt-bez-nazwy-2-100x100.png 100w, https:\/\/kowalczykmedia.pl\/wp-content\/uploads\/2026\/04\/Projekt-bez-nazwy-2-200x200.png 200w, https:\/\/kowalczykmedia.pl\/wp-content\/uploads\/2026\/04\/Projekt-bez-nazwy-2-400x400.png 400w, https:\/\/kowalczykmedia.pl\/wp-content\/uploads\/2026\/04\/Projekt-bez-nazwy-2-500x500.png 500w\" sizes=\"(max-width: 1200px) 100vw, 1200px\" \/>\t\t\t\t\t\t\t\t\t\t\t\t\t\t\t<\/div>\n\t\t\t\t\t<\/div>\n\t\t<\/div>\n\t\t\t\t\t<\/div>\n\t\t<\/section>\n\t\t\t\t<section class=\"elementor-section elementor-top-section elementor-element elementor-element-aa1c2f6 elementor-section-content-middle elementor-section-boxed elementor-section-height-default elementor-section-height-default\" data-id=\"aa1c2f6\" data-element_type=\"section\" data-e-type=\"section\">\n\t\t\t\t\t\t<div class=\"elementor-container elementor-column-gap-no\">\n\t\t\t\t\t<div class=\"elementor-column elementor-col-50 elementor-top-column elementor-element elementor-element-827e5a0\" data-id=\"827e5a0\" data-element_type=\"column\" data-e-type=\"column\">\n\t\t\t<div class=\"elementor-widget-wrap elementor-element-populated\">\n\t\t\t\t\t\t<div class=\"elementor-element elementor-element-2787c61 animated-slow elementor-invisible elementor-widget elementor-widget-image\" data-id=\"2787c61\" data-element_type=\"widget\" data-e-type=\"widget\" data-settings=\"{&quot;_animation&quot;:&quot;fadeInUp&quot;}\" data-widget_type=\"image.default\">\n\t\t\t\t\t\t\t\t\t\t\t\t\t\t\t<img decoding=\"async\" width=\"800\" height=\"400\" src=\"https:\/\/kowalczykmedia.pl\/wp-content\/uploads\/2024\/03\/path-digital-tR0jvlsmCuQ-unsplash-1.png\" class=\"attachment-full size-full wp-image-11\" alt=\"\" srcset=\"https:\/\/kowalczykmedia.pl\/wp-content\/uploads\/2024\/03\/path-digital-tR0jvlsmCuQ-unsplash-1.png 800w, https:\/\/kowalczykmedia.pl\/wp-content\/uploads\/2024\/03\/path-digital-tR0jvlsmCuQ-unsplash-1-300x150.png 300w, https:\/\/kowalczykmedia.pl\/wp-content\/uploads\/2024\/03\/path-digital-tR0jvlsmCuQ-unsplash-1-768x384.png 768w\" sizes=\"(max-width: 800px) 100vw, 800px\" \/>\t\t\t\t\t\t\t\t\t\t\t\t\t\t\t<\/div>\n\t\t\t\t\t<\/div>\n\t\t<\/div>\n\t\t\t\t<div class=\"elementor-column elementor-col-50 elementor-top-column elementor-element elementor-element-6d9f459\" data-id=\"6d9f459\" data-element_type=\"column\" data-e-type=\"column\">\n\t\t\t<div class=\"elementor-widget-wrap elementor-element-populated\">\n\t\t\t\t\t\t<div class=\"elementor-element elementor-element-b879570 elementor-widget elementor-widget-heading\" data-id=\"b879570\" data-element_type=\"widget\" data-e-type=\"widget\" data-widget_type=\"heading.default\">\n\t\t\t\t\t<h2 class=\"elementor-heading-title elementor-size-default\">Obs\u0142uga i utrzymanie stron<\/h2>\t\t\t\t<\/div>\n\t\t\t\t<div class=\"elementor-element elementor-element-940262f elementor-widget elementor-widget-heading\" data-id=\"940262f\" data-element_type=\"widget\" data-e-type=\"widget\" data-widget_type=\"heading.default\">\n\t\t\t\t\t<p class=\"elementor-heading-title elementor-size-default\">Strona wymaga regularnej opieki \u2014 tak jak ka\u017cde narz\u0119dzie, kt\u00f3re ma dzia\u0142a\u0107 bez zarzutu. Zajmuj\u0119 si\u0119 aktualizacjami, bezpiecze\u0144stwem i bie\u017c\u0105cymi zmianami, \u017ceby\u015b nie musia\u0142 martwi\u0107 si\u0119 o techniczne sprawy.<\/p>\t\t\t\t<\/div>\n\t\t\t\t<div class=\"elementor-element elementor-element-06a22ef elementor-widget elementor-widget-button\" data-id=\"06a22ef\" data-element_type=\"widget\" data-e-type=\"widget\" data-widget_type=\"button.default\">\n\t\t\t\t\t\t\t\t\t\t<a class=\"elementor-button elementor-button-link elementor-size-md elementor-animation-shrink\" href=\"tel:690657989\">\n\t\t\t\t\t\t<span class=\"elementor-button-content-wrapper\">\n\t\t\t\t\t\t\t\t\t<span class=\"elementor-button-text\">Dowiedz si\u0119 wi\u0119cej!<\/span>\n\t\t\t\t\t<\/span>\n\t\t\t\t\t<\/a>\n\t\t\t\t\t\t\t\t<\/div>\n\t\t\t\t\t<\/div>\n\t\t<\/div>\n\t\t\t\t\t<\/div>\n\t\t<\/section>\n\t\t\t\t<\/div>\n\t\t","protected":false},"excerpt":{"rendered":"<p>Us\u0142ugi Strona internetowa Twoja strona internetowa to fundamentalne narz\u0119dzie biznesowe, kt\u00f3re nie tylko prezentuje Twoj\u0105 mark\u0119, ale aktywnie pracuje na jej sukces, buduj\u0105c zaufanie klient\u00f3w od pierwszego kontaktu. Dowiedz si\u0119 wi\u0119cej! Reklama Meta Ads Reklamy, kt\u00f3re trafiaj\u0105 do w\u0142a\u015bciwych ludzi we w\u0142a\u015bciwym czasie. Zajmuj\u0119 si\u0119 wszystkim \u2014 od strategii po codzienne zarz\u0105dzanie kampani\u0105 \u2014 \u017ceby\u015b [&hellip;]<\/p>\n","protected":false},"author":1,"featured_media":0,"parent":0,"menu_order":0,"comment_status":"closed","ping_status":"closed","template":"elementor_header_footer","meta":{"footnotes":""},"class_list":["post-50","page","type-page","status-publish","hentry"],"_links":{"self":[{"href":"https:\/\/kowalczykmedia.pl\/index.php?rest_route=\/wp\/v2\/pages\/50","targetHints":{"allow":["GET"]}}],"collection":[{"href":"https:\/\/kowalczykmedia.pl\/index.php?rest_route=\/wp\/v2\/pages"}],"about":[{"href":"https:\/\/kowalczykmedia.pl\/index.php?rest_route=\/wp\/v2\/types\/page"}],"author":[{"embeddable":true,"href":"https:\/\/kowalczykmedia.pl\/index.php?rest_route=\/wp\/v2\/users\/1"}],"replies":[{"embeddable":true,"href":"https:\/\/kowalczykmedia.pl\/index.php?rest_route=%2Fwp%2Fv2%2Fcomments&post=50"}],"version-history":[{"count":11,"href":"https:\/\/kowalczykmedia.pl\/index.php?rest_route=\/wp\/v2\/pages\/50\/revisions"}],"predecessor-version":[{"id":179,"href":"https:\/\/kowalczykmedia.pl\/index.php?rest_route=\/wp\/v2\/pages\/50\/revisions\/179"}],"wp:attachment":[{"href":"https:\/\/kowalczykmedia.pl\/index.php?rest_route=%2Fwp%2Fv2%2Fmedia&parent=50"}],"curies":[{"name":"wp","href":"https:\/\/api.w.org\/{rel}","templated":true}]}}